13:37:27 T:3046473728 DEBUG: Keyboard: scancode: 1c, sym: 000d, unicode: 0000, modifier: 0
13:37:27 T:3046473728 DEBUG: OnKey: return (f00d) pressed, action is Select
13:37:27 T:3046473728 DEBUG: ------ Window Deinit (DialogContextMenu.xml) ------
13:37:27 T:3046473728 DEBUG: ClearSubtitles - Deleting temporary subtitle special://temp/subtitle.plex.101655.sub
13:37:27 T:3046473728 DEBUG: ClearSubtitles - Deleting temporary subtitle special://temp/subtitle.plex.101655.srt
13:37:27 T:3046473728 DEBUG: ClearSubtitles - Deleting temporary subtitle special://temp/subtitle.plex.101655.idx
13:37:27 T:3046473728 DEBUG: ClearSubtitles - Deleting temporary subtitle special://temp/subtitle.plex.101654.sub
13:37:27 T:3046473728 DEBUG: ClearSubtitles - Deleting temporary subtitle special://temp/subtitle.plex.101654.idx
13:37:27 T:3046473728 DEBUG: CPlexMediaDecisionEngine::BlockAndResolve waiting for resolve to return
13:37:27 T:2765091936 NOTICE: Thread MediaDecision start, auto delete: false
13:37:27 T:2765091936 DEBUG: CPlexMediaDecisionEngine::ChooseMedia loading extra information for item
13:37:27 T:2765091936 DEBUG: CPlexDirectory::GetDirectory plexserver://8a98d21e0eb98b8ce5549326b904510072f18e9b/library/metadata/21913
13:37:27 T:2765091936 DEBUG: CPlexFile::BuildHTTPURL translated 'plexserver://8a98d21e0eb98b8ce5549326b904510072f18e9b/library/metadata/21913?checkFiles=1' to 'http://10.0.0.100:32400/library/metadata/21913?checkFiles=1'
13:37:27 T:2765091936 DEBUG: CurlFile::Open(0xbe9cc9dc) http://10.0.0.100:32400/library/metadata/21913?checkFiles=1
13:37:27 T:2765091936 DEBUG: CPlexDirectory::GetDirectory::Timing took 0.019000 seconds to download XML document
13:37:27 T:2765091936 WARNING: CPlexDirectory::ReadMediaContainer root name MediaContainer
13:37:27 T:3046473728 DEBUG: CPlexMediaDecisionEngine::BlockAndResolve show busy dialog
13:37:27 T:3046473728 DEBUG: ------ Window Init (DialogBusy.xml) ------
13:37:27 T:2765091936 DEBUG: CPlexDirectory::GetDirectory::Timing returning a directory after total 0.109000 seconds with 1 items with content movies
13:37:27 T:2765091936 DEBUG: ----------- Video information for 'plexserver://8a98d21e0eb98b8ce5549326b904510072f18e9b/library/metadata/21913' -----------
13:37:27 T:2765091936 DEBUG: - container : mkv
13:37:27 T:2765091936 DEBUG: - videoCodec : h264
13:37:27 T:2765091936 DEBUG: - videoResolution : 1080
13:37:27 T:2765091936 DEBUG: - videoFrameRate : 23.976
13:37:27 T:2765091936 DEBUG: - bitDepth : 8
13:37:27 T:2765091936 DEBUG: - bitrate : 9774
13:37:27 T:2765091936 DEBUG: - width : 1920
13:37:27 T:2765091936 DEBUG: - height : 800
13:37:27 T:2765091936 DEBUG: ----------- Audio information -----------
13:37:27 T:2765091936 DEBUG: - audioCodec : dca
13:37:27 T:2765091936 DEBUG: - audioChannels : 6
13:37:27 T:2765091936 DEBUG: - audioBitRate : 1509
13:37:27 T:2765091936 DEBUG: RPi ShouldTranscode decided not to transcode
13:37:27 T:2765091936 DEBUG: CPlexMediaDecisionEngine::ChooseMedia final URL from MDE is plexserver://8a98d21e0eb98b8ce5549326b904510072f18e9b/library/parts/23846/file.mkv
13:37:27 T:2765091936 DEBUG: Thread MediaDecision 2765091936 terminating
13:37:27 T:3046473728 DEBUG: CPlexMediaDecisionEngine::BlockAndResolve resolve done, success: Yes
13:37:27 T:3046473728 NOTICE: COMXPlayer: Opening: plexserver://8a98d21e0eb98b8ce5549326b904510072f18e9b/library/parts/23846/file.mkv
13:37:27 T:3046473728 DEBUG: COMXCoreComponent::Initialize : OMX.broadcom.clock handle 0x522c038 dllopen : 1
13:37:27 T:3046473728 WARNING: CDVDMessageQueue(player)::Put MSGQ_NOT_INITIALIZED
13:37:27 T:3046473728 DEBUG: Mimetype: video/x-matroska
13:37:27 T:3046473728 DEBUG: CRenderManager::UpdateDisplayLatency - Latency set to 0 msec
13:37:27 T:3046473728 DEBUG: LinuxRendererGL: Cleaning up GL resources
13:37:27 T:3046473728 DEBUG: DllSwScale: Using libswscale system library
13:37:27 T:2765091936 NOTICE: Thread COMXPlayer start, auto delete: false
13:37:27 T:2765091936 NOTICE: Creating InputStream
13:37:27 T:2765091936 DEBUG: Cache selector: going to use cacheSize based on fileSize
13:37:27 T:2765091936 DEBUG: Cache selector: selected cacheSize: 52428800
13:37:27 T:2765091936 DEBUG: CFileCache::Open - opening using cache
13:37:27 T:2765091936 DEBUG: CPlexFile::BuildHTTPURL translated 'plexserver://8a98d21e0eb98b8ce5549326b904510072f18e9b/library/parts/23846/file.mkv' to 'http://10.0.0.100:32400/library/parts/23846/file.mkv'
13:37:27 T:2765091936 DEBUG: CurlFile::Open(0x52d4040) http://10.0.0.100:32400/library/parts/23846/file.mkv
13:37:27 T:2765091936 INFO: Considering caching Plex subtitle locally for stream 103197 (codec: idx) to special://temp/subtitle.plex.103197.idx (exists: 0)
13:37:27 T:2856625248 NOTICE: Thread CFileCache start, auto delete: false
13:37:27 T:2765091936 DEBUG: CFileCache::Open - opening using cache
13:37:27 T:2765091936 DEBUG: CPlexFile::BuildHTTPURL translated 'plexserver://8a98d21e0eb98b8ce5549326b904510072f18e9b/library/streams/103197?encoding=utf-8' to 'http://10.0.0.100:32400/library/streams/103197?encoding=utf-8'
13:37:27 T:2765091936 DEBUG: CurlFile::Open(0x4722f48) http://10.0.0.100:32400/library/streams/103197?encoding=utf-8
13:37:27 T:2550596704 NOTICE: Thread CFileCache start, auto delete: false
13:37:27 T:3046473728 DEBUG: ------ Window Init (DialogBusy.xml) ------
13:37:27 T:2550596704 INFO: CFileCache::Process - Hit eof.
13:37:28 T:2765091936 WARNING: Read - waited for data but got none
13:37:28 T:2550596704 DEBUG: Thread CFileCache 2550596704 terminating
13:37:28 T:2765091936 INFO: Caching Plex subtitle locally for stream 103197 to special://temp/subtitle.plex.103197.sub
13:37:28 T:2765091936 DEBUG: CFileCache::Open - opening using cache
13:37:28 T:2765091936 DEBUG: CPlexFile::BuildHTTPURL translated 'plexserver://8a98d21e0eb98b8ce5549326b904510072f18e9b/library/streams/103197.sub' to 'http://10.0.0.100:32400/library/streams/103197.sub'
13:37:28 T:2765091936 DEBUG: CurlFile::Open(0x465d580) http://10.0.0.100:32400/library/streams/103197.sub
13:37:28 T:2550596704 NOTICE: Thread CFileCache start, auto delete: false
13:37:30 T:3046473728 INFO: CheckIdle - Closing session to http://127.0.0.1 (easy=0x4713a10, multi=0x552ece0)
13:37:36 T:3046473728 INFO: CheckIdle - Closing session to http://www.google-analytics.com (easy=0x5f3f8c0, multi=0x21769c0)
13:37:46 T:3046473728 INFO: CheckIdle - Closing session to http://10.0.0.100 (easy=0x4cb3290, multi=0x562b340)
13:37:46 T:3046473728 INFO: CheckIdle - Closing session to http://10.0.0.100 (easy=0x5416598, multi=0x5188f50)
13:37:46 T:3046473728 INFO: CheckIdle - Closing session to http://10.0.0.100 (easy=0x5691660, multi=0x46ca6d8)
13:37:46 T:3046473728 INFO: CheckIdle - Closing session to http://10.0.0.100 (easy=0x4812cd0, multi=0x5704918)
13:37:46 T:3046473728 INFO: CheckIdle - Closing session to http://10.0.0.100 (easy=0x51f5078, multi=0x4820728)
13:37:46 T:3046473728 INFO: CheckIdle - Closing session to http://10.0.0.100 (easy=0x4e70128, multi=0x4c8b068)
13:37:47 T:3046473728 INFO: CheckIdle - Closing session to http://10.0.0.100 (easy=0x57e5028, multi=0x4797aa0)
13:37:47 T:3046473728 INFO: CheckIdle - Closing session to http://10.0.0.100 (easy=0x53d3e98, multi=0x4617c20)
13:37:52 T:2558985312 DEBUG: Thread Jobworker 2558985312 terminating (autodelete)
13:37:52 T:3027235936 DEBUG: Thread Jobworker 3027235936 terminating (autodelete)
13:37:52 T:2613568608 DEBUG: Thread Jobworker 2613568608 terminating (autodelete)
13:37:52 T:2825888864 DEBUG: Thread Jobworker 2825888864 terminating (autodelete)
13:37:52 T:2834277472 DEBUG: Thread Jobworker 2834277472 terminating (autodelete)
13:37:52 T:2817500256 DEBUG: Thread Jobworker 2817500256 terminating (autodelete)
13:37:52 T:2807034976 DEBUG: Thread Jobworker 2807034976 terminating (autodelete)
13:37:52 T:2994725984 DEBUG: Thread Jobworker 2994725984 terminating (autodelete)
13:37:52 T:3046473728 DEBUG: SECTION:UnloadDelayed(DLL: special://xbmcbin/system/ImageLib-arm.so)
13:37:52 T:3046473728 DEBUG: Unloading: ImageLib-arm.so
13:37:55 T:2550596704 INFO: CFileCache::Process - Hit eof.
13:37:55 T:2765091936 WARNING: Read - waited for data but got none
13:37:55 T:2550596704 DEBUG: Thread CFileCache 2550596704 terminating
13:37:55 T:2765091936 INFO: Done caching plexserver://8a98d21e0eb98b8ce5549326b904510072f18e9b/library/streams/103197.sub
13:37:55 T:2765091936 INFO: Considering caching Plex subtitle locally for stream 103198 (codec: idx) to special://temp/subtitle.plex.103197.idx (exists: 1)
13:37:55 T:2765091936 INFO: Considering caching Plex subtitle locally for stream 103199 (codec: idx) to special://temp/subtitle.plex.103198.idx (exists: 0)
13:37:55 T:2765091936 DEBUG: CFileCache::Open - opening using cache
13:37:55 T:2765091936 DEBUG: CPlexFile::BuildHTTPURL translated 'plexserver://8a98d21e0eb98b8ce5549326b904510072f18e9b/library/streams/103199?encoding=utf-8' to 'http://10.0.0.100:32400/library/streams/103199?encoding=utf-8'
13:37:55 T:2765091936 DEBUG: CurlFile::Open(0x541f058) http://10.0.0.100:32400/library/streams/103199?encoding=utf-8
13:37:55 T:2550596704 NOTICE: Thread CFileCache start, auto delete: false
13:37:55 T:2550596704 INFO: CFileCache::Process - Hit eof.
13:37:55 T:2765091936 WARNING: Read - waited for data but got none
13:37:55 T:2550596704 DEBUG: Thread CFileCache 2550596704 terminating
13:37:55 T:2765091936 INFO: Caching Plex subtitle locally for stream 103199 to special://temp/subtitle.plex.103198.sub
13:37:55 T:2765091936 DEBUG: CFileCache::Open - opening using cache
13:37:55 T:2765091936 DEBUG: CPlexFile::BuildHTTPURL translated 'plexserver://8a98d21e0eb98b8ce5549326b904510072f18e9b/library/streams/103199.sub' to 'http://10.0.0.100:32400/library/streams/103199.sub'
13:37:55 T:2765091936 DEBUG: CurlFile::Open(0x44c9198) http://10.0.0.100:32400/library/streams/103199.sub
13:37:55 T:2550596704 NOTICE: Thread CFileCache start, auto delete: false
13:38:00 T:3046470752 DEBUG: CPlexGlobalTimer::Process firing callback manualServerManager
13:38:00 T:3046470752 DEBUG: CPlexGlobalTimer::Process waiting 239778 milliseconds for serverDataLoader...
13:38:00 T:2994725984 NOTICE: Thread Jobworker start, auto delete: true
13:38:00 T:2994725984 DEBUG: CPlexGlobalTimer::SetTimeout adding timeout: manualServerManager at pos 0 [60000]
13:38:00 T:3046470752 DEBUG: CPlexGlobalTimer::Process waiting 59997 milliseconds for manualServerManager...
13:38:00 T:2807034976 NOTICE: Thread Jobworker start, auto delete: true
13:38:00 T:2807034976 DEBUG: CurlFile::Open(0x496d8e8) http://127.0.0.1:32400/
13:38:00 T:2994725984 DEBUG: CPlexGlobalTimer::SetTimeout adding timeout: manualServerManager at pos 0 [60000]
13:38:00 T:3046470752 DEBUG: CPlexGlobalTimer::Process waiting 59999 milliseconds for manualServerManager...
13:38:00 T:2994725984 DEBUG: CurlFile::Open(0x5703dd8) http://10.0.0.100:32400/
13:38:00 T:2807034976 INFO: easy_aquire - Created session to http://127.0.0.1
13:38:00 T:2994725984 INFO: easy_aquire - Created session to http://10.0.0.100
13:38:00 T:2807034976 WARNING: FillBuffer: curl [http://127.0.0.1:32400/] failed with code 7
13:38:00 T:2807034976 WARNING: CPlexManualServerManager::OnJobComplete failed to find a server on http://127.0.0.1:32400/
13:38:00 T:2994725984 DEBUG: CPlexServer::CollectDataFromRoot knowledge complete: ubun2.lan version: 0.9.9.5.411-da1d892 owned: YES videoTranscode: YES audioTranscode: YES deletion: YES class:
13:38:00 T:2994725984 DEBUG: CPlexManualServerManager::OnJobComplete found manually added server ubun2.lan
13:38:00 T:2994725984 DEBUG: CPlexServerManager::MergeServer Merged ubun2.lan with 1 connection, now we have 1 total connections.
13:38:00 T:2994725984 DEBUG: CPlexServerManager::SetBestServer bestServer updated to ubun2.lan version: 0.9.9.5.411-da1d892 owned: YES videoTranscode: YES audioTranscode: YES deletion: YES class:
13:38:00 T:2994725984 DEBUG: CPlexManualServerManager::OnJobComplete all manual server checks done, updating serverManager
13:38:00 T:2994725984 DEBUG: CPlexServerManager::MergeServer Merged ubun2.lan with 1 connection, now we have 1 total connections.
13:38:00 T:2994725984 DEBUG: CPlexServerManager::UpdateReachability Updating reachability (force=NO)
13:38:00 T:2994725984 INFO: CPlexServerCacheDatabase::clearTables
13:38:25 T:2550596704 INFO: CFileCache::Process - Hit eof.
13:38:25 T:2765091936 WARNING: Read - waited for data but got none
13:38:25 T:2550596704 DEBUG: Thread CFileCache 2550596704 terminating
13:38:25 T:2765091936 INFO: Done caching plexserver://8a98d21e0eb98b8ce5549326b904510072f18e9b/library/streams/103199.sub
13:38:25 T:2765091936 INFO: Considering caching Plex subtitle locally for stream 103200 (codec: srt) to special://temp/subtitle.plex.103199.srt (exists: 0)
13:38:25 T:2765091936 DEBUG: CFileCache::Open - opening using cache
13:38:25 T:2765091936 DEBUG: CPlexFile::BuildHTTPURL translated 'plexserver://8a98d21e0eb98b8ce5549326b904510072f18e9b/library/streams/103200?encoding=utf-8' to 'http://10.0.0.100:32400/library/streams/103200?encoding=utf-8'
13:38:25 T:2765091936 DEBUG: CurlFile::Open(0x570e9c8) http://10.0.0.100:32400/library/streams/103200?encoding=utf-8
13:38:25 T:2550596704 NOTICE: Thread CFileCache start, auto delete: false
13:38:25 T:2550596704 INFO: CFileCache::Process - Hit eof.
13:38:25 T:2765091936 WARNING: Read - waited for data but got none
13:38:25 T:2550596704 DEBUG: Thread CFileCache 2550596704 terminating
13:38:25 T:2765091936 INFO: Considering caching Plex subtitle locally for stream 103201 (codec: idx) to special://temp/subtitle.plex.103199.idx (exists: 0)
13:38:25 T:2765091936 DEBUG: CFileCache::Open - opening using cache
13:38:25 T:2765091936 DEBUG: CPlexFile::BuildHTTPURL translated 'plexserver://8a98d21e0eb98b8ce5549326b904510072f18e9b/library/streams/103201?encoding=utf-8' to 'http://10.0.0.100:32400/library/streams/103201?encoding=utf-8'
13:38:25 T:2765091936 DEBUG: CurlFile::Open(0x496be78) http://10.0.0.100:32400/library/streams/103201?encoding=utf-8
13:38:25 T:2550596704 NOTICE: Thread CFileCache start, auto delete: false
13:38:25 T:2550596704 INFO: CFileCache::Process - Hit eof.
13:38:25 T:2765091936 WARNING: Read - waited for data but got none
13:38:25 T:2550596704 DEBUG: Thread CFileCache 2550596704 terminating
13:38:25 T:2765091936 INFO: Caching Plex subtitle locally for stream 103201 to special://temp/subtitle.plex.103199.sub
13:38:25 T:2765091936 DEBUG: CFileCache::Open - opening using cache
13:38:25 T:2765091936 DEBUG: CPlexFile::BuildHTTPURL translated 'plexserver://8a98d21e0eb98b8ce5549326b904510072f18e9b/library/streams/103201.sub' to 'http://10.0.0.100:32400/library/streams/103201.sub'
13:38:25 T:2765091936 DEBUG: CurlFile::Open(0x570e9c8) http://10.0.0.100:32400/library/streams/103201.sub
13:38:25 T:2550596704 NOTICE: Thread CFileCache start, auto delete: false
13:38:30 T:2807034976 DEBUG: Thread Jobworker 2807034976 terminating (autodelete)
13:38:30 T:2994725984 DEBUG: Thread Jobworker 2994725984 terminating (autodelete)
13:38:30 T:3046473728 INFO: CheckIdle - Closing session to http://127.0.0.1 (easy=0x57e5028, multi=0x4797aa0)
13:38:30 T:3046473728 INFO: CheckIdle - Closing session to http://10.0.0.100 (easy=0x5705da0, multi=0x20d2318)
13:38:52 T:2550596704 INFO: CFileCache::Process - Hit eof.
13:38:52 T:2550596704 DEBUG: Thread CFileCache 2550596704 terminating
13:38:52 T:2765091936 INFO: Done caching plexserver://8a98d21e0eb98b8ce5549326b904510072f18e9b/library/streams/103201.sub
13:38:52 T:2765091936 INFO: Considering caching Plex subtitle locally for stream 103202 (codec: idx) to special://temp/subtitle.plex.103201.idx (exists: 0)
13:38:52 T:2765091936 DEBUG: CFileCache::Open - opening using cache
13:38:52 T:2765091936 DEBUG: CPlexFile::BuildHTTPURL translated 'plexserver://8a98d21e0eb98b8ce5549326b904510072f18e9b/library/streams/103202?encoding=utf-8' to 'http://10.0.0.100:32400/library/streams/103202?encoding=utf-8'
13:38:52 T:2765091936 DEBUG: CurlFile::Open(0x498d420) http://10.0.0.100:32400/library/streams/103202?encoding=utf-8
13:38:52 T:2550596704 NOTICE: Thread CFileCache start, auto delete: false
13:38:52 T:2550596704 INFO: CFileCache::Process - Hit eof.
13:38:52 T:2765091936 WARNING: Read - waited for data but got none
13:38:52 T:2550596704 DEBUG: Thread CFileCache 2550596704 terminating
13:38:52 T:2765091936 INFO: Caching Plex subtitle locally for stream 103202 to special://temp/subtitle.plex.103201.sub
13:38:52 T:2765091936 DEBUG: CFileCache::Open - opening using cache
13:38:52 T:2765091936 DEBUG: CPlexFile::BuildHTTPURL translated 'plexserver://8a98d21e0eb98b8ce5549326b904510072f18e9b/library/streams/103202.sub' to 'http://10.0.0.100:32400/library/streams/103202.sub'
13:38:52 T:2765091936 DEBUG: CurlFile::Open(0x5a37040) http://10.0.0.100:32400/library/streams/103202.sub
13:38:52 T:2550596704 NOTICE: Thread CFileCache start, auto delete: false
13:39:00 T:3046470752 DEBUG: CPlexGlobalTimer::Process firing callback manualServerManager
13:39:00 T:3046470752 DEBUG: CPlexGlobalTimer::Process waiting 179562 milliseconds for serverDataLoader...
13:39:00 T:2994725984 NOTICE: Thread Jobworker start, auto delete: true
13:39:00 T:2807034976 NOTICE: Previous line repeats 1 times.
13:39:00 T:2807034976 DEBUG: CurlFile::Open(0x46e1a20) http://127.0.0.1:32400/
13:39:00 T:2807034976 INFO: easy_aquire - Created session to http://127.0.0.1
13:39:00 T:2807034976 WARNING: FillBuffer: curl [http://127.0.0.1:32400/] failed with code 7
13:39:00 T:2807034976 WARNING: CPlexManualServerManager::OnJobComplete failed to find a server on http://127.0.0.1:32400/
13:39:00 T:2994725984 DEBUG: CPlexGlobalTimer::SetTimeout adding timeout: manualServerManager at pos 0 [60000]
13:39:00 T:3046470752 DEBUG: CPlexGlobalTimer::Process waiting 59999 milliseconds for manualServerManager...
13:39:00 T:2807034976 DEBUG: CurlFile::Open(0x52d4b00) http://10.0.0.100:32400/
13:39:00 T:2807034976 INFO: easy_aquire - Created session to http://10.0.0.100
13:39:00 T:2994725984 DEBUG: CPlexGlobalTimer::SetTimeout adding timeout: manualServerManager at pos 0 [60000]
13:39:00 T:2817500256 NOTICE: Thread Jobworker start, auto delete: true
13:39:00 T:3046470752 DEBUG: CPlexGlobalTimer::Process waiting 59997 milliseconds for manualServerManager...
13:39:00 T:2807034976 DEBUG: CPlexServer::CollectDataFromRoot knowledge complete: ubun2.lan version: 0.9.9.5.411-da1d892 owned: YES videoTranscode: YES audioTranscode: YES deletion: YES class:
13:39:00 T:2807034976 DEBUG: CPlexManualServerManager::OnJobComplete found manually added server ubun2.lan
13:39:00 T:2807034976 DEBUG: CPlexServerManager::MergeServer Merged ubun2.lan with 1 connection, now we have 1 total connections.
13:39:00 T:2807034976 DEBUG: CPlexServerManager::SetBestServer bestServer updated to ubun2.lan version: 0.9.9.5.411-da1d892 owned: YES videoTranscode: YES audioTranscode: YES deletion: YES class:
13:39:00 T:2807034976 DEBUG: CPlexManualServerManager::OnJobComplete all manual server checks done, updating serverManager
13:39:00 T:2807034976 DEBUG: CPlexServerManager::MergeServer Merged ubun2.lan with 1 connection, now we have 1 total connections.
13:39:00 T:2807034976 DEBUG: CPlexServerManager::UpdateReachability Updating reachability (force=NO)
13:39:01 T:2807034976 INFO: CPlexServerCacheDatabase::clearTables
13:39:18 T:2550596704 INFO: CFileCache::Process - Hit eof.
13:39:18 T:2550596704 DEBUG: Thread CFileCache 2550596704 terminating
13:39:18 T:2765091936 INFO: Done caching plexserver://8a98d21e0eb98b8ce5549326b904510072f18e9b/library/streams/103202.sub
13:39:18 T:2765091936 INFO: Considering caching Plex subtitle locally for stream 103203 (codec: idx) to special://temp/subtitle.plex.103202.idx (exists: 0)
13:39:18 T:2765091936 DEBUG: CFileCache::Open - opening using cache
13:39:18 T:2765091936 DEBUG: CPlexFile::BuildHTTPURL translated 'plexserver://8a98d21e0eb98b8ce5549326b904510072f18e9b/library/streams/103203?encoding=utf-8' to 'http://10.0.0.100:32400/library/streams/103203?encoding=utf-8'
13:39:18 T:2765091936 DEBUG: CurlFile::Open(0x4659188) http://10.0.0.100:32400/library/streams/103203?encoding=utf-8
13:39:18 T:2550596704 NOTICE: Thread CFileCache start, auto delete: false
13:39:18 T:2550596704 INFO: CFileCache::Process - Hit eof.
13:39:18 T:2765091936 WARNING: Read - waited for data but got none
13:39:18 T:2765091936 INFO: Caching Plex subtitle locally for stream 103203 to special://temp/subtitle.plex.103202.sub
13:39:18 T:2550596704 DEBUG: Thread CFileCache 2550596704 terminating
13:39:18 T:2765091936 DEBUG: CFileCache::Open - opening using cache
13:39:18 T:2765091936 DEBUG: CPlexFile::BuildHTTPURL translated 'plexserver://8a98d21e0eb98b8ce5549326b904510072f18e9b/library/streams/103203.sub' to 'http://10.0.0.100:32400/library/streams/103203.sub'
13:39:18 T:2765091936 DEBUG: CurlFile::Open(0x570e9c8) http://10.0.0.100:32400/library/streams/103203.sub
13:39:18 T:2550596704 NOTICE: Thread CFileCache start, auto delete: false
13:39:30 T:2817500256 DEBUG: Thread Jobworker 2817500256 terminating (autodelete)
13:39:30 T:2994725984 DEBUG: Thread Jobworker 2994725984 terminating (autodelete)
13:39:30 T:3046473728 INFO: CheckIdle - Closing session to http://127.0.0.1 (easy=0x5705da0, multi=0x46635e8)
13:39:31 T:2807034976 DEBUG: Thread Jobworker 2807034976 terminating (autodelete)
13:39:31 T:3046473728 INFO: CheckIdle - Closing session to http://10.0.0.100 (easy=0x57e5028, multi=0x46154b0)
13:39:45 T:2550596704 INFO: CFileCache::Process - Hit eof.
13:39:45 T:2550596704 DEBUG: Thread CFileCache 2550596704 terminating
13:39:46 T:2765091936 INFO: Done caching plexserver://8a98d21e0eb98b8ce5549326b904510072f18e9b/library/streams/103203.sub
13:39:46 T:2765091936 INFO: Considering caching Plex subtitle locally for stream 103204 (codec: srt) to special://temp/subtitle.plex.103203.srt (exists: 0)
13:39:46 T:2765091936 DEBUG: CFileCache::Open - opening using cache
13:39:46 T:2765091936 DEBUG: CPlexFile::BuildHTTPURL translated 'plexserver://8a98d21e0eb98b8ce5549326b904510072f18e9b/library/streams/103204?encoding=utf-8' to 'http://10.0.0.100:32400/library/streams/103204?encoding=utf-8'
13:39:46 T:2765091936 DEBUG: CurlFile::Open(0x471d208) http://10.0.0.100:32400/library/streams/103204?encoding=utf-8
13:39:46 T:2550596704 NOTICE: Thread CFileCache start, auto delete: false
13:39:46 T:2550596704 INFO: CFileCache::Process - Hit eof.
13:39:46 T:2765091936 WARNING: Read - waited for data but got none
13:39:46 T:2550596704 DEBUG: Thread CFileCache 2550596704 terminating
13:39:46 T:2765091936 INFO: Considering caching Plex subtitle locally for stream 103205 (codec: srt) to special://temp/subtitle.plex.103203.srt (exists: 1)
13:39:46 T:2765091936 INFO: Considering caching Plex subtitle locally for stream 103206 (codec: srt) to special://temp/subtitle.plex.103203.srt (exists: 1)
13:39:46 T:2765091936 INFO: Considering caching Plex subtitle locally for stream 103207 (codec: srt) to special://temp/subtitle.plex.103203.srt (exists: 1)
13:39:46 T:2765091936 INFO: Considering caching Plex subtitle locally for stream 103208 (codec: srt) to special://temp/subtitle.plex.103203.srt (exists: 1)
13:39:46 T:2765091936 INFO: Considering caching Plex subtitle locally for stream 103209 (codec: srt) to special://temp/subtitle.plex.103203.srt (exists: 1)
13:39:46 T:2765091936 INFO: Considering caching Plex subtitle locally for stream 103210 (codec: srt) to special://temp/subtitle.plex.103203.srt (exists: 1)
13:39:46 T:2765091936 INFO: Considering caching Plex subtitle locally for stream 103211 (codec: srt) to special://temp/subtitle.plex.103203.srt (exists: 1)
13:39:46 T:2765091936 INFO: Considering caching Plex subtitle locally for stream 103212 (codec: idx) to special://temp/subtitle.plex.103203.idx (exists: 0)
13:39:46 T:2765091936 DEBUG: CFileCache::Open - opening using cache
13:39:46 T:2765091936 DEBUG: CPlexFile::BuildHTTPURL translated 'plexserver://8a98d21e0eb98b8ce5549326b904510072f18e9b/library/streams/103212?encoding=utf-8' to 'http://10.0.0.100:32400/library/streams/103212?encoding=utf-8'
13:39:46 T:2765091936 DEBUG: CurlFile::Open(0x44c9198) http://10.0.0.100:32400/library/streams/103212?encoding=utf-8
13:39:46 T:2550596704 NOTICE: Thread CFileCache start, auto delete: false
13:39:46 T:2550596704 INFO: CFileCache::Process - Hit eof.
13:39:46 T:2765091936 WARNING: Read - waited for data but got none
13:39:46 T:2765091936 INFO: Caching Plex subtitle locally for stream 103212 to special://temp/subtitle.plex.103203.sub
13:39:46 T:2765091936 DEBUG: CFileCache::Open - opening using cache
13:39:46 T:2765091936 DEBUG: CPlexFile::BuildHTTPURL translated 'plexserver://8a98d21e0eb98b8ce5549326b904510072f18e9b/library/streams/103212.sub' to 'http://10.0.0.100:32400/library/streams/103212.sub'
13:39:46 T:2765091936 DEBUG: CurlFile::Open(0x5190418) http://10.0.0.100:32400/library/streams/103212.sub
13:39:46 T:2550596704 DEBUG: Thread CFileCache 2550596704 terminating
13:39:46 T:2550596704 NOTICE: Thread CFileCache start, auto delete: false
13:40:00 T:3046470752 DEBUG: CPlexGlobalTimer::Process firing callback manualServerManager
13:40:00 T:3046470752 DEBUG: CPlexGlobalTimer::Process waiting 119455 milliseconds for serverDataLoader...
13:40:00 T:2807034976 NOTICE: Thread Jobworker start, auto delete: true
13:40:00 T:2807034976 DEBUG: CPlexGlobalTimer::SetTimeout adding timeout: manualServerManager at pos 0 [60000]
13:40:00 T:3046470752 DEBUG: CPlexGlobalTimer::Process waiting 59997 milliseconds for manualServerManager...
13:40:00 T:2807034976 DEBUG: CPlexGlobalTimer::SetTimeout adding timeout: manualServerManager at pos 0 [60000]
13:40:00 T:3046470752 DEBUG: CPlexGlobalTimer::Process waiting 60000 milliseconds for manualServerManager...
13:40:00 T:2807034976 DEBUG: CurlFile::Open(0x46e1a20) http://127.0.0.1:32400/
13:40:00 T:2994725984 NOTICE: Thread Jobworker start, auto delete: true
13:40:00 T:2994725984 DEBUG: CurlFile::Open(0x5703dd8) http://10.0.0.100:32400/
13:40:00 T:2807034976 INFO: easy_aquire - Created session to http://127.0.0.1
13:40:00 T:2807034976 WARNING: FillBuffer: curl [http://127.0.0.1:32400/] failed with code 7
13:40:00 T:2807034976 WARNING: CPlexManualServerManager::OnJobComplete failed to find a server on http://127.0.0.1:32400/
13:40:00 T:2994725984 INFO: easy_aquire - Created session to http://10.0.0.100
13:40:00 T:2994725984 DEBUG: CPlexServer::CollectDataFromRoot knowledge complete: ubun2.lan version: 0.9.9.5.411-da1d892 owned: YES videoTranscode: YES audioTranscode: YES deletion: YES class:
13:40:00 T:2994725984 DEBUG: CPlexManualServerManager::OnJobComplete found manually added server ubun2.lan
13:40:00 T:2994725984 DEBUG: CPlexServerManager::MergeServer Merged ubun2.lan with 1 connection, now we have 1 total connections.
13:40:00 T:2994725984 DEBUG: CPlexServerManager::SetBestServer bestServer updated to ubun2.lan version: 0.9.9.5.411-da1d892 owned: YES videoTranscode: YES audioTranscode: YES deletion: YES class:
13:40:00 T:2994725984 DEBUG: CPlexManualServerManager::OnJobComplete all manual server checks done, updating serverManager
13:40:00 T:2994725984 DEBUG: CPlexServerManager::MergeServer Merged ubun2.lan with 1 connection, now we have 1 total connections.
13:40:00 T:2994725984 DEBUG: CPlexServerManager::UpdateReachability Updating reachability (force=NO)
13:40:00 T:2994725984 INFO: CPlexServerCacheDatabase::clearTables
13:40:13 T:2550596704 INFO: CFileCache::Process - Hit eof.
13:40:13 T:2765091936 WARNING: Read - waited for data but got none
13:40:13 T:2550596704 DEBUG: Thread CFileCache 2550596704 terminating
13:40:13 T:2765091936 INFO: Done caching plexserver://8a98d21e0eb98b8ce5549326b904510072f18e9b/library/streams/103212.sub
13:40:13 T:2765091936 INFO: Considering caching Plex subtitle locally for stream 103213 (codec: idx) to special://temp/subtitle.plex.103212.idx (exists: 0)
13:40:13 T:2765091936 DEBUG: CFileCache::Open - opening using cache
13:40:13 T:2765091936 DEBUG: CPlexFile::BuildHTTPURL translated 'plexserver://8a98d21e0eb98b8ce5549326b904510072f18e9b/library/streams/103213?encoding=utf-8' to 'http://10.0.0.100:32400/library/streams/103213?encoding=utf-8'
13:40:13 T:2765091936 DEBUG: CurlFile::Open(0x5190418) http://10.0.0.100:32400/library/streams/103213?encoding=utf-8
13:40:13 T:2550596704 NOTICE: Thread CFileCache start, auto delete: false
13:40:13 T:2550596704 INFO: CFileCache::Process - Hit eof.
13:40:13 T:2765091936 WARNING: Read - waited for data but got none
13:40:13 T:2550596704 DEBUG: Thread CFileCache 2550596704 terminating
13:40:13 T:2765091936 INFO: Caching Plex subtitle locally for stream 103213 to special://temp/subtitle.plex.103212.sub
13:40:13 T:2765091936 DEBUG: CFileCache::Open - opening using cache
13:40:13 T:2765091936 DEBUG: CPlexFile::BuildHTTPURL translated 'plexserver://8a98d21e0eb98b8ce5549326b904510072f18e9b/library/streams/103213.sub' to 'http://10.0.0.100:32400/library/streams/103213.sub'
13:40:13 T:2765091936 DEBUG: CurlFile::Open(0x5190418) http://10.0.0.100:32400/library/streams/103213.sub
13:40:13 T:2550596704 NOTICE: Thread CFileCache start, auto delete: false
13:40:30 T:2807034976 DEBUG: Thread Jobworker 2807034976 terminating (autodelete)
13:40:30 T:3046473728 INFO: CheckIdle - Closing session to http://127.0.0.1 (easy=0x57e5028, multi=0x442bb28)
13:40:30 T:2994725984 DEBUG: Thread Jobworker 2994725984 terminating (autodelete)
13:40:31 T:3046473728 INFO: CheckIdle - Closing session to http://10.0.0.100 (easy=0x5416598, multi=0x516dc90)
13:40:40 T:2550596704 INFO: CFileCache::Process - Hit eof.
13:40:40 T:2765091936 WARNING: Read - waited for data but got none
13:40:40 T:2550596704 DEBUG: Thread CFileCache 2550596704 terminating
13:40:40 T:2765091936 INFO: Done caching plexserver://8a98d21e0eb98b8ce5549326b904510072f18e9b/library/streams/103213.sub
13:40:40 T:2765091936 INFO: Considering caching Plex subtitle locally for stream 103214 (codec: idx) to special://temp/subtitle.plex.103213.idx (exists: 0)
13:40:40 T:2765091936 DEBUG: CFileCache::Open - opening using cache
13:40:40 T:2765091936 DEBUG: CPlexFile::BuildHTTPURL translated 'plexserver://8a98d21e0eb98b8ce5549326b904510072f18e9b/library/streams/103214?encoding=utf-8' to 'http://10.0.0.100:32400/library/streams/103214?encoding=utf-8'
13:40:40 T:2765091936 DEBUG: CurlFile::Open(0x570e9c8) http://10.0.0.100:32400/library/streams/103214?encoding=utf-8
13:40:40 T:2550596704 NOTICE: Thread CFileCache start, auto delete: false
13:40:40 T:2550596704 INFO: CFileCache::Process - Hit eof.
13:40:40 T:2765091936 WARNING: Read - waited for data but got none
13:40:40 T:2550596704 DEBUG: Thread CFileCache 2550596704 terminating
13:40:40 T:2765091936 INFO: Caching Plex subtitle locally for stream 103214 to special://temp/subtitle.plex.103213.sub
13:40:40 T:2765091936 DEBUG: CFileCache::Open - opening using cache
13:40:40 T:2765091936 DEBUG: CPlexFile::BuildHTTPURL translated 'plexserver://8a98d21e0eb98b8ce5549326b904510072f18e9b/library/streams/103214.sub' to 'http://10.0.0.100:32400/library/streams/103214.sub'
13:40:40 T:2765091936 DEBUG: CurlFile::Open(0x471d208) http://10.0.0.100:32400/library/streams/103214.sub
13:40:40 T:2550596704 NOTICE: Thread CFileCache start, auto delete: false
13:41:00 T:3046470752 DEBUG: CPlexGlobalTimer::Process firing callback manualServerManager
13:41:00 T:3046470752 DEBUG: CPlexGlobalTimer::Process waiting 59445 milliseconds for serverDataLoader...
13:41:00 T:2994725984 NOTICE: Thread Jobworker start, auto delete: true
13:41:00 T:2994725984 DEBUG: CPlexGlobalTimer::SetTimeout adding timeout: manualServerManager at pos 1 [60000]
13:41:00 T:2994725984 DEBUG: Previous line repeats 1 times.
13:41:00 T:2994725984 DEBUG: CurlFile::Open(0x5703dd8) http://127.0.0.1:32400/
13:41:00 T:2994725984 INFO: easy_aquire - Created session to http://127.0.0.1
13:41:00 T:2807034976 NOTICE: Thread Jobworker start, auto delete: true
13:41:00 T:2807034976 DEBUG: CurlFile::Open(0x467d098) http://10.0.0.100:32400/
13:41:00 T:2807034976 INFO: easy_aquire - Created session to http://10.0.0.100
13:41:00 T:2994725984 WARNING: FillBuffer: curl [http://127.0.0.1:32400/] failed with code 7
13:41:00 T:2994725984 WARNING: CPlexManualServerManager::OnJobComplete failed to find a server on http://127.0.0.1:32400/
13:41:00 T:2807034976 DEBUG: CPlexServer::CollectDataFromRoot knowledge complete: ubun2.lan version: 0.9.9.5.411-da1d892 owned: YES videoTranscode: YES audioTranscode: YES deletion: YES class:
13:41:00 T:2807034976 DEBUG: CPlexManualServerManager::OnJobComplete found manually added server ubun2.lan
13:41:00 T:2807034976 DEBUG: CPlexServerManager::MergeServer Merged ubun2.lan with 1 connection, now we have 1 total connections.
13:41:00 T:2807034976 DEBUG: CPlexServerManager::SetBestServer bestServer updated to ubun2.lan version: 0.9.9.5.411-da1d892 owned: YES videoTranscode: YES audioTranscode: YES deletion: YES class:
13:41:00 T:2807034976 DEBUG: CPlexManualServerManager::OnJobComplete all manual server checks done, updating serverManager
13:41:00 T:2807034976 DEBUG: CPlexServerManager::MergeServer Merged ubun2.lan with 1 connection, now we have 1 total connections.
13:41:00 T:2807034976 DEBUG: CPlexServerManager::UpdateReachability Updating reachability (force=NO)
13:41:00 T:2807034976 INFO: CPlexServerCacheDatabase::clearTables
13:41:06 T:2550596704 INFO: CFileCache::Process - Hit eof.
13:41:06 T:2765091936 WARNING: Read - waited for data but got none
13:41:06 T:2550596704 DEBUG: Thread CFileCache 2550596704 terminating
13:41:06 T:2765091936 INFO: Done caching plexserver://8a98d21e0eb98b8ce5549326b904510072f18e9b/library/streams/103214.sub
13:41:06 T:2765091936 INFO: Considering caching Plex subtitle locally for stream 103215 (codec: idx) to special://temp/subtitle.plex.103214.idx (exists: 0)
13:41:06 T:2765091936 DEBUG: CFileCache::Open - opening using cache
13:41:06 T:2765091936 DEBUG: CPlexFile::BuildHTTPURL translated 'plexserver://8a98d21e0eb98b8ce5549326b904510072f18e9b/library/streams/103215?encoding=utf-8' to 'http://10.0.0.100:32400/library/streams/103215?encoding=utf-8'
13:41:06 T:2765091936 DEBUG: CurlFile::Open(0x5190418) http://10.0.0.100:32400/library/streams/103215?encoding=utf-8
13:41:06 T:2550596704 NOTICE: Thread CFileCache start, auto delete: false
13:41:06 T:2550596704 INFO: CFileCache::Process - Hit eof.
13:41:06 T:2765091936 WARNING: Read - waited for data but got none
13:41:06 T:2550596704 DEBUG: Thread CFileCache 2550596704 terminating
13:41:06 T:2765091936 INFO: Caching Plex subtitle locally for stream 103215 to special://temp/subtitle.plex.103214.sub
13:41:06 T:2765091936 DEBUG: CFileCache::Open - opening using cache
13:41:06 T:2765091936 DEBUG: CPlexFile::BuildHTTPURL translated 'plexserver://8a98d21e0eb98b8ce5549326b904510072f18e9b/library/streams/103215.sub' to 'http://10.0.0.100:32400/library/streams/103215.sub'
13:41:06 T:2765091936 DEBUG: CurlFile::Open(0x5a37040) http://10.0.0.100:32400/library/streams/103215.sub
13:41:06 T:2550596704 NOTICE: Thread CFileCache start, auto delete: false
13:41:30 T:2994725984 DEBUG: Thread Jobworker 2994725984 terminating (autodelete)
13:41:30 T:2807034976 DEBUG: Thread Jobworker 2807034976 terminating (autodelete)
13:41:30 T:3046473728 INFO: CheckIdle - Closing session to http://127.0.0.1 (easy=0x5416598, multi=0x4615bc0)
13:41:30 T:3046473728 INFO: CheckIdle - Closing session to http://10.0.0.100 (easy=0x57e5028, multi=0x5177db0)
13:41:31 T:2550596704 INFO: CFileCache::Process - Hit eof.
13:41:31 T:2765091936 WARNING: Read - waited for data but got none
13:41:31 T:2550596704 DEBUG: Thread CFileCache 2550596704 terminating
13:41:31 T:2765091936 INFO: Done caching plexserver://8a98d21e0eb98b8ce5549326b904510072f18e9b/library/streams/103215.sub
13:41:31 T:2765091936 INFO: Considering caching Plex subtitle locally for stream 103216 (codec: idx) to special://temp/subtitle.plex.103215.idx (exists: 0)
13:41:31 T:2765091936 DEBUG: CFileCache::Open - opening using cache
13:41:31 T:2765091936 DEBUG: CPlexFile::BuildHTTPURL translated 'plexserver://8a98d21e0eb98b8ce5549326b904510072f18e9b/library/streams/103216?encoding=utf-8' to 'http://10.0.0.100:32400/library/streams/103216?encoding=utf-8'
13:41:31 T:2765091936 DEBUG: CurlFile::Open(0x44c9198) http://10.0.0.100:32400/library/streams/103216?encoding=utf-8
13:41:31 T:2550596704 NOTICE: Thread CFileCache start, auto delete: false
13:41:31 T:2550596704 INFO: CFileCache::Process - Hit eof.
13:41:31 T:2765091936 WARNING: Read - waited for data but got none
13:41:31 T:2550596704 DEBUG: Thread CFileCache 2550596704 terminating
13:41:31 T:2765091936 INFO: Caching Plex subtitle locally for stream 103216 to special://temp/subtitle.plex.103215.sub
13:41:31 T:2765091936 DEBUG: CFileCache::Open - opening using cache
13:41:31 T:2765091936 DEBUG: CPlexFile::BuildHTTPURL translated 'plexserver://8a98d21e0eb98b8ce5549326b904510072f18e9b/library/streams/103216.sub' to 'http://10.0.0.100:32400/library/streams/103216.sub'
13:41:31 T:2765091936 DEBUG: CurlFile::Open(0x471d208) http://10.0.0.100:32400/library/streams/103216.sub
13:41:31 T:2550596704 NOTICE: Thread CFileCache start, auto delete: false
13:41:57 T:2550596704 INFO: CFileCache::Process - Hit eof.
13:41:57 T:2765091936 WARNING: Read - waited for data but got none
13:41:57 T:2550596704 DEBUG: Thread CFileCache 2550596704 terminating
13:41:57 T:2765091936 INFO: Done caching plexserver://8a98d21e0eb98b8ce5549326b904510072f18e9b/library/streams/103216.sub
13:41:57 T:2765091936 INFO: Considering caching Plex subtitle locally for stream 103217 (codec: idx) to special://temp/subtitle.plex.103216.idx (exists: 0)
13:41:57 T:2765091936 DEBUG: CFileCache::Open - opening using cache
13:41:57 T:2765091936 DEBUG: CPlexFile::BuildHTTPURL translated 'plexserver://8a98d21e0eb98b8ce5549326b904510072f18e9b/library/streams/103217?encoding=utf-8' to 'http://10.0.0.100:32400/library/streams/103217?encoding=utf-8'
13:41:57 T:2765091936 DEBUG: CurlFile::Open(0x44c9198) http://10.0.0.100:32400/library/streams/103217?encoding=utf-8
13:41:57 T:2550596704 NOTICE: Thread CFileCache start, auto delete: false
13:41:57 T:2550596704 INFO: CFileCache::Process - Hit eof.
13:41:57 T:2765091936 WARNING: Read - waited for data but got none
13:41:57 T:2550596704 DEBUG: Thread CFileCache 2550596704 terminating
13:41:57 T:2765091936 INFO: Caching Plex subtitle locally for stream 103217 to special://temp/subtitle.plex.103216.sub
13:41:57 T:2765091936 DEBUG: CFileCache::Open - opening using cache
13:41:57 T:2765091936 DEBUG: CPlexFile::BuildHTTPURL translated 'plexserver://8a98d21e0eb98b8ce5549326b904510072f18e9b/library/streams/103217.sub' to 'http://10.0.0.100:32400/library/streams/103217.sub'
13:41:57 T:2765091936 DEBUG: CurlFile::Open(0x5a37040) http://10.0.0.100:32400/library/streams/103217.sub
13:41:57 T:2550596704 NOTICE: Thread CFileCache start, auto delete: false
13:41:59 T:3046470752 DEBUG: CPlexGlobalTimer::Process firing callback serverDataLoader
13:41:59 T:3046470752 DEBUG: CPlexGlobalTimer::Process waiting 561 milliseconds for manualServerManager...
13:41:59 T:2807034976 NOTICE: Thread Jobworker start, auto delete: true
13:41:59 T:2807034976 DEBUG: CPlexServerDataLoader::OnTimeout refreshing data for ubun2.lan
13:41:59 T:2807034976 DEBUG: CPlexGlobalTimer::SetTimeout adding timeout: serverDataLoader at pos 2 [300000]
13:41:59 T:2994725984 NOTICE: Thread Jobworker start, auto delete: true
13:42:00 T:2807034976 DEBUG: CPlexDirectory::GetDirectory plexserver://8a98d21e0eb98b8ce5549326b904510072f18e9b/library/sections
13:42:00 T:2807034976 DEBUG: CPlexFile::BuildHTTPURL translated 'plexserver://8a98d21e0eb98b8ce5549326b904510072f18e9b/library/sections' to 'http://10.0.0.100:32400/library/sections'
13:42:00 T:2807034976 DEBUG: CurlFile::Open(0x554ecbc) http://10.0.0.100:32400/library/sections
13:42:00 T:2807034976 INFO: easy_aquire - Created session to http://10.0.0.100
13:42:00 T:2807034976 DEBUG: CPlexDirectory::GetDirectory::Timing took 0.019000 seconds to download XML document
13:42:00 T:2807034976 WARNING: CPlexDirectory::ReadMediaContainer root name MediaContainer
13:42:00 T:3046470752 DEBUG: CPlexGlobalTimer::Process firing callback manualServerManager
13:42:00 T:3046470752 DEBUG: CPlexGlobalTimer::Process waiting 5887 milliseconds for networkServiceBrowser...
13:42:00 T:2994725984 DEBUG: CPlexGlobalTimer::SetTimeout adding timeout: manualServerManager at pos 1 [60000]
13:42:00 T:2994725984 DEBUG: Previous line repeats 1 times.
13:42:00 T:2994725984 DEBUG: CurlFile::Open(0x57f2b70) http://127.0.0.1:32400/
13:42:00 T:2994725984 INFO: easy_aquire - Created session to http://127.0.0.1
13:42:00 T:2994725984 WARNING: FillBuffer: curl [http://127.0.0.1:32400/] failed with code 7
13:42:00 T:2994725984 WARNING: CPlexManualServerManager::OnJobComplete failed to find a server on http://127.0.0.1:32400/
13:42:00 T:2994725984 DEBUG: CurlFile::Open(0x46e1a20) http://10.0.0.100:32400/
13:42:00 T:2994725984 INFO: easy_aquire - Created session to http://10.0.0.100
13:42:00 T:2817500256 NOTICE: Thread Jobworker start, auto delete: true
13:42:00 T:2994725984 DEBUG: CPlexServer::CollectDataFromRoot knowledge complete: ubun2.lan version: 0.9.9.5.411-da1d892 owned: YES videoTranscode: YES audioTranscode: YES deletion: YES class:
13:42:00 T:2994725984 DEBUG: CPlexManualServerManager::OnJobComplete found manually added server ubun2.lan
13:42:00 T:2994725984 DEBUG: CPlexServerManager::MergeServer Merged ubun2.lan with 1 connection, now we have 1 total connections.
13:42:00 T:2994725984 DEBUG: CPlexServerManager::SetBestServer bestServer updated to ubun2.lan version: 0.9.9.5.411-da1d892 owned: YES videoTranscode: YES audioTranscode: YES deletion: YES class:
13:42:00 T:2994725984 DEBUG: CPlexManualServerManager::OnJobComplete all manual server checks done, updating serverManager
13:42:00 T:2994725984 DEBUG: CPlexServerManager::MergeServer Merged ubun2.lan with 1 connection, now we have 1 total connections.
13:42:00 T:2994725984 DEBUG: CPlexServerManager::UpdateReachability Updating reachability (force=NO)
13:42:00 T:2994725984 INFO: CPlexServerCacheDatabase::clearTables
13:42:00 T:2807034976 DEBUG: CPlexDirectory::GetDirectory::Timing returning a directory after total 0.953000 seconds with 5 items with content movies
13:42:00 T:2807034976 DEBUG: CPlexDirectory::GetDirectory plexserver://8a98d21e0eb98b8ce5549326b904510072f18e9b/library/sections/3/prefs
13:42:00 T:2807034976 DEBUG: CPlexFile::BuildHTTPURL translated 'plexserver://8a98d21e0eb98b8ce5549326b904510072f18e9b/library/sections/3/prefs' to 'http://10.0.0.100:32400/library/sections/3/prefs'
13:42:00 T:2807034976 DEBUG: CurlFile::Open(0x554ecbc) http://10.0.0.100:32400/library/sections/3/prefs
13:42:01 T:2807034976 DEBUG: CPlexDirectory::GetDirectory::Timing took 0.016000 seconds to download XML document
13:42:01 T:2807034976 WARNING: CPlexDirectory::ReadMediaContainer root name MediaContainer
13:42:01 T:2807034976 DEBUG: CPlexDirectory::GetDirectory::Timing returning a directory after total 0.018000 seconds with 1 items with content
13:42:01 T:2807034976 DEBUG: CPlexDirectory::GetDirectory plexserver://8a98d21e0eb98b8ce5549326b904510072f18e9b/library/sections/4/prefs
13:42:01 T:2807034976 DEBUG: CPlexFile::BuildHTTPURL translated 'plexserver://8a98d21e0eb98b8ce5549326b904510072f18e9b/library/sections/4/prefs' to 'http://10.0.0.100:32400/library/sections/4/prefs'
13:42:01 T:2807034976 DEBUG: CurlFile::Open(0x554ecbc) http://10.0.0.100:32400/library/sections/4/prefs
13:42:01 T:2807034976 DEBUG: CPlexDirectory::GetDirectory::Timing took 0.031000 seconds to download XML document
13:42:01 T:2807034976 WARNING: CPlexDirectory::ReadMediaContainer root name MediaContainer
13:42:01 T:2807034976 DEBUG: CPlexDirectory::GetDirectory::Timing returning a directory after total 0.033000 seconds with 1 items with content
13:42:01 T:2807034976 DEBUG: CPlexDirectory::GetDirectory plexserver://8a98d21e0eb98b8ce5549326b904510072f18e9b/library/sections/2/prefs
13:42:01 T:2807034976 DEBUG: CPlexFile::BuildHTTPURL translated 'plexserver://8a98d21e0eb98b8ce5549326b904510072f18e9b/library/sections/2/prefs' to 'http://10.0.0.100:32400/library/sections/2/prefs'
13:42:01 T:2807034976 DEBUG: CurlFile::Open(0x554ecbc) http://10.0.0.100:32400/library/sections/2/prefs
13:42:01 T:2807034976 DEBUG: CPlexDirectory::GetDirectory::Timing took 0.025000 seconds to download XML document
13:42:01 T:2807034976 WARNING: CPlexDirectory::ReadMediaContainer root name MediaContainer
13:42:01 T:2807034976 DEBUG: CPlexDirectory::GetDirectory::Timing returning a directory after total 0.027000 seconds with 1 items with content
13:42:01 T:2807034976 DEBUG: CPlexDirectory::GetDirectory plexserver://8a98d21e0eb98b8ce5549326b904510072f18e9b/library/sections/5/prefs
13:42:01 T:2807034976 DEBUG: CPlexFile::BuildHTTPURL translated 'plexserver://8a98d21e0eb98b8ce5549326b904510072f18e9b/library/sections/5/prefs' to 'http://10.0.0.100:32400/library/sections/5/prefs'
13:42:01 T:2807034976 DEBUG: CurlFile::Open(0x554ecbc) http://10.0.0.100:32400/library/sections/5/prefs
13:42:01 T:2807034976 DEBUG: CPlexDirectory::GetDirectory::Timing took 0.015000 seconds to download XML document
13:42:01 T:2807034976 WARNING: CPlexDirectory::ReadMediaContainer root name MediaContainer
13:42:01 T:2807034976 DEBUG: CPlexDirectory::GetDirectory::Timing returning a directory after total 0.025000 seconds with 1 items with content
13:42:01 T:2807034976 DEBUG: CPlexDirectory::GetDirectory plexserver://8a98d21e0eb98b8ce5549326b904510072f18e9b/library/sections/1/prefs
13:42:01 T:2807034976 DEBUG: CPlexFile::BuildHTTPURL translated 'plexserver://8a98d21e0eb98b8ce5549326b904510072f18e9b/library/sections/1/prefs' to 'http://10.0.0.100:32400/library/sections/1/prefs'
13:42:01 T:2807034976 DEBUG: CurlFile::Open(0x554ecbc) http://10.0.0.100:32400/library/sections/1/prefs
13:42:01 T:2807034976 DEBUG: CPlexDirectory::GetDirectory::Timing took 0.017000 seconds to download XML document
13:42:01 T:2807034976 WARNING: CPlexDirectory::ReadMediaContainer root name MediaContainer
13:42:01 T:2807034976 DEBUG: CPlexDirectory::GetDirectory::Timing returning a directory after total 0.028000 seconds with 1 items with content
13:42:01 T:2807034976 DEBUG: CPlexDirectory::GetDirectory plexserver://8a98d21e0eb98b8ce5549326b904510072f18e9b/channels/all
13:42:01 T:2807034976 DEBUG: CPlexFile::BuildHTTPURL translated 'plexserver://8a98d21e0eb98b8ce5549326b904510072f18e9b/channels/all' to 'http://10.0.0.100:32400/channels/all'
13:42:01 T:2807034976 DEBUG: CurlFile::Open(0x554ecbc) http://10.0.0.100:32400/channels/all
13:42:01 T:2807034976 DEBUG: CPlexDirectory::GetDirectory::Timing took 0.028000 seconds to download XML document
13:42:01 T:2807034976 WARNING: CPlexDirectory::ReadMediaContainer root name MediaContainer
13:42:01 T:2807034976 DEBUG: CPlexDirectory::GetDirectory::Timing returning a directory after total 0.207000 seconds with 12 items with content channel
13:42:06 T:3046470752 DEBUG: CPlexGlobalTimer::Process firing callback networkServiceBrowser
13:42:06 T:3046470752 DEBUG: CPlexGlobalTimer::Process waiting 54114 milliseconds for manualServerManager...
13:42:06 T:2817500256 DEBUG: CPlexNetworkServiceBrowser::OnTimeout reporting 1 discovered servers
13:42:06 T:2817500256 DEBUG: CPlexServerManager::MergeServer Merged ubun2.lan with 1 connection, now we have 1 total connections.
13:42:06 T:2817500256 DEBUG: CPlexServerManager::UpdateReachability Updating reachability (force=NO)
13:42:06 T:2817500256 INFO: CPlexServerCacheDatabase::clearTables
13:42:06 T:2817500256 DEBUG: CPlexGlobalTimer::RemoveTimeout want to remove networkServiceBrowser
13:42:06 T:2817500256 DEBUG: CPlexGlobaltimer::RemoveTimeout idx is -1 for networkServiceBrowser
13:42:06 T:2817500256 DEBUG: CPlexGlobalTimer::SetTimeout adding timeout: networkServiceBrowser at pos 2 [300000]
13:42:23 T:2550596704 INFO: CFileCache::Process - Hit eof.
13:42:23 T:2765091936 WARNING: Read - waited for data but got none
13:42:23 T:2550596704 DEBUG: Thread CFileCache 2550596704 terminating
13:42:23 T:2765091936 INFO: Done caching plexserver://8a98d21e0eb98b8ce5549326b904510072f18e9b/library/streams/103217.sub
13:42:23 T:2765091936 NOTICE: Creating Demuxer
13:42:23 T:2765091936 DEBUG: DllAvUtilBase: Using libavutil system library
13:42:23 T:2765091936 DEBUG: DllAvCodec: Using libavcodec system library
13:42:23 T:2765091936 DEBUG: DllAvFormat: Using libavformat system library
13:42:24 T:2765091936 DEBUG: Open - probing detected format [matroska,webm]
13:42:24 T:2765091936 DEBUG: Open - avformat_find_stream_info starting
13:42:26 T:2765091936 DEBUG: Open - av_find_stream_info finished
13:42:26 T:2765091936 INFO: ffmpeg[A4CFF460]: Input #0, matroska,webm, from 'plexserver://8a98d21e0eb98b8ce5549326b904510072f18e9b/library/parts/23846/file.mkv':
13:42:26 T:2765091936 INFO: ffmpeg[A4CFF460]: Duration:
01:52:03.22, start: 0.000000, bitrate: 9773 kb/s
13:42:26 T:2765091936 INFO: ffmpeg[A4CFF460]: Chapter #0.0: start 0.000000, end 373.665000
13:42:26 T:2765091936 INFO: ffmpeg[A4CFF460]: Metadata:
13:42:26 T:2765091936 INFO: ffmpeg[A4CFF460]: title :
00:00:00.000
13:42:26 T:2765091936 INFO: ffmpeg[A4CFF460]: Chapter #0.1: start 373.665000, end 785.535000
13:42:26 T:2765091936 INFO: ffmpeg[A4CFF460]: Metadata:
13:42:26 T:2765091936 INFO: ffmpeg[A4CFF460]: title :
00:06:13.665
13:42:26 T:2765091936 INFO: ffmpeg[A4CFF460]: Chapter #0.2: start 785.535000, end 1120.995000
13:42:26 T:2765091936 INFO: ffmpeg[A4CFF460]: Metadata:
13:42:26 T:2765091936 INFO: ffmpeg[A4CFF460]: title :
00:13:05.535
13:42:26 T:2765091936 INFO: ffmpeg[A4CFF460]: Chapter #0.3: start 1120.995000, end 1496.829000
13:42:26 T:2765091936 INFO: ffmpeg[A4CFF460]: Metadata:
13:42:26 T:2765091936 INFO: ffmpeg[A4CFF460]: title :
00:18:40.995
13:42:26 T:2765091936 INFO: ffmpeg[A4CFF460]: Chapter #0.4: start 1496.829000, end 1747.663000
13:42:26 T:2765091936 INFO: ffmpeg[A4CFF460]: Metadata:
13:42:26 T:2765091936 INFO: ffmpeg[A4CFF460]: title :
00:24:56.829
